ase 13) in base 16?
-12
Convert -2130 (base 4) to base 10.
-156
Convert 0 (base 9) to base 16.
0
-11 (base 9) to base 12
-a
What is -31 (base 8) in base 9?
-27
-a (base 15) to base 3
-101
What is -3 (base 7) in base 5?
-3
-6 (base 13) to base 2
-110
What is -404 (base 7) in base 4?
-3020
6 (base 16) to base 2
110
Convert 3 (base 6) to base 12.
3
-123 (base 5) to base 13
-2c
What is 2 (base 6) in base 10?
2
What is 14 (base 16) in base 6?
32
0 (base 8) to base 7
0
Convert 8c (base 13) to base 5.
431
What is -2 (base 7) in base 10?
-2
What is 7b (base 16) in base 11?
102
-2 (base 12) to base 9
-2
-155 (base 16) to base 8
-525
Convert 0 (base 3) to base 5.
0
-63 (base 13) to base 14
-5b
Convert 0 (base 9) to base 16.
0
What is 11a (base 12) in base 11?
141
220 (base 3) to base 5
44
-12 (base 9) to base 7
-14
Convert 1121 (base 5) to base 2.
10100001
What is -36 (base 11) in base 6?
-103
What is 2 (base 16) in base 15?
2
Convert 10 (base 5) to base 4.
11
-9 (base 14) to base 15
-9
What is 221 (base 6) in base 10?
85
-5 (base 7) to base 8
-5
Convert -30 (base 5) to base 6.
-23
25 (base 11) to base 3
1000
Convert -75 (base 16) to base 8.
-165
Convert 19 (base 12) to base 2.
10101
Convert 47 (base 12) to base 11.
50
What is 13 (base 8) in base 4?
23
304 (base 5) to base 12
67
What is -7 (base 12) in base 15?
-7
Convert 90 (base 11) to base 6.
243
-72 (base 13) to base 4
-1131
Convert -1 (base 5) to base 3.
-1
What is 3 (base 13) in base 11?
3
What is -5 (base 7) in base 10?
-5
Convert 101 (base 9) to base 5.
312
-2a (base 15) to base 10
-40
7 (base 12) to base 9
7
-45 (base 12) to base 16
-35
What is -4 (base 15) in base 14?
-4
Convert -10010 (base 2) to base 4.
-102
What is -141 (base 9) in base 7?
-226
Convert 21 (base 9) to base 12.
17
1 (base 7) to base 5
1
75 (base 9) to base 10
68
What is 122 (base 4) in base 7?
35
1212 (base 3) to base 7
101
10 (base 14) to base 5
24
What is -1 (base 5) in base 3?
-1
Convert 123 (base 6) to base 16.
33
What is 2a (base 16) in base 9?
46
What is 100 (base 15) in base 14?
121
Convert 10320 (base 4) to base 12.
220
-18 (base 13) to base 3
-210
Convert 46 (base 7) to base 13.
28
5 (base 8) to base 11
5
Convert -2203 (base 5) to base 13.
-1a4
What is -211 (base 3) in base 11?
-20
-3 (base 15) to base 11
-3
Convert 0 (base 12) to base 8.
0
-32 (base 7) to base 13
-1a
Convert -7 (base 8) to base 9.
-7
Convert 112 (base 6) to base 15.
2e
Convert -c (base 16) to base 12.
-10
Convert 3 (base 13) to base 6.
3
What is 2b (base 13) in base 7?
52
5c (base 16) to base 9
112
-3 (base 11) to base 3
-10
What is 5a (base 15) in base 10?
85
25 (base 14) to base 15
23
What is 102 (base 6) in base 11?
35
What is 15 (base 8) in base 16?
d
-112 (base 12) to base 14
-b4
What is -1111000 (base 2) in base 9?
-143
Convert 1011 (base 2) to base 9.
12
Convert 3 (base 13) to base 3.
10
What is -312 (base 5) in base 13?
-64
-3 (base 15) to base 10
-3
3 (base 7) to base 9
3
What is 162 (base 7) in base 10?
93
Convert -134 (base 9) to base 3.
-11011
-1120 (base 3) to base 5
-132
Convert -104 (base 6) to base 3.
-1111
1 (base 2) to base 7
1
1 (base 14) to base 13
1
What is 1202 (base 3) in base 10?
47
1100 (base 3) to base 9
40
What is -1011000 (base 2) in base 7?
-154
22 (base 4) to base 12
a
Convert -3 (base 5) to base 13.
-3
What is 34 (base 13) in base 9?
47
Convert 5 (base 14) to base 16.
5
What is 0 (base 16) in base 12?
0
Convert 3 (base 7) to base 2.
11
Convert 1 (base 5) to base 12.
1
Convert -6 (base 12) to base 4.
-12
Convert 80 (base 10) to base 6.
212
Convert -3 (base 14) to base 8.
-3
What is 30 (base 8) in base 7?
33
10110 (base 2) to base 16
16
What is -1 (base 16) in base 2?
-1
-5 (base 13) to base 14
-5
Convert -3 (base 8) to base 10.
-3
What is -1 (base 2) in base 10?
-1
What is -2220 (base 3) in base 15?
-53
What is a4 (base 11) in base 4?
1302
-b (base 16) to base 2
-1011
Convert 0 (base 5) to base 2.
0
46 (base 10) to base 4
232
Convert -5d (base 14) to base 13.
-65
-8 (base 16) to base 12
-8
-232 (base 8) to base 5
-1104
What is -261 (base 7) in base 3?
-12020
What is 212 (base 3) in base 2?
10111
What is 322 (base 4) in base 15?
3d
11101011 (base 2) to base 6
1031
What is 100100111 (base 2) in base 4?
10213
What is 111 (base 3) in base 11?
12
Convert 6 (base 9) to base 8.
6
-33 (base 14) to base 8
-55
-5 (base 6) to base 12
-5
Convert 224 (base 6) to base 13.
6a
Convert 12 (base 15) to base 14.
13
Convert -10 (base 2) to base 3.
-2
Convert 5 (base 9) to base 6.
5
Convert -134 (base 5) to base 7.
-62
What is 18 (base 16) in base 15?
19
Convert 4 (base 14) to base 15.
4
Convert 0 (base 16) to base 9.
0
-30 (base 11) to base 13
-27
Convert 21 (base 11) to base 2.
10111
3 (base 11) to base 4
3
Convert -110 (base 3) to base 9.
-13
What is 8a (base 11) in base 3?
10122
What is 121 (base 7) in base 8?
100
Convert 0 (base 16) to base 5.
0
What is 11 (base 13) in base 11?
13
-2 (base 6) to base 16
-2
Convert -2 (base 15) to base 6.
-2
Convert -120 (base 8) to base 11.
-73
Convert -240 (base 7) to base 4.
-1332
What is 16 (base 11) in base 8?
21
Convert -8 (base 10) to base 6.
-12
-110 (base 8) to base 6
-200
-73 (base 13) to base 12
-7a
What is -3 (base 13) in base 10?
-3
Convert -52 (base 10) to base 15.
-37
Convert -6 (base 15) to base 12.
-6
-24 (base 7) to base 11
-17
What is -82 (base 15) in base 11?
-101
What is 34 (base 8) in base 3?
1001
What is 5b (base 16) in base 10?
91
Convert -101 (base 8) to base 2.
-1000001
-d5 (base 14) to base 13
-115
-5 (base 6) to base 13
-5
-10212 (base 4) to base 7
-600
What is 0 (base 16) in base 10?
0
What is -98 (base 11) in base 2?
-1101011
What is -5 (base 16) in base 11?
-5
2 (base 4) to base 14
2
What is -5 (base 15) in base 7?
-5
What is 23 (base 4) in base 5?
21
What is 109 (base 13) in base 9?
217
What is -524 (base 7) in base 6?
-1115
What is 11010 (base 2) in base 7?
35
What is -1 (base 15) in base 13?
-1
What is 6 (base 9) in base 5?
11
What is -56 (base 7) in base 2?
-101001
What is -22 (base 7) in base 15?
-11
Convert -1101 (base 2) to base 14.
-d
Convert -15 (base 6) to base 2.
-1011
-2d (base 14) to base 9
-45
What is -10121 (base 3) in base 6?
-241
Convert 5 (base 15) to base 12.
5
-7 (base 8) to base 13
-7
8 (base 15) to base 3
22
What is -89 (base 12) in base 5?
-410
What is -2 (base 16) in base 4?
-2
Convert 1 (base 15) to base 5.
1
Convert 2 (base 13) to base 15.
2
Convert -33 (base 11) to base 6.
-100
Convert -75 (base 9) to base 11.
-62
Convert 200 (base 3) to base 13.
15
Convert 23 (base 11) to base 16.
19
What is -2a (base 13) in base 5?
-121
What is 1 (base 16) in base 12?
1
51 (base 16) to base 7
144
-31 (base 10) to base 2
-11111
Convert 228 (base 10) to base 5.
1403
-43 (base 6) to base 7
-36
155 (base 6) to base 13
56
What is 30 (base 12) in base 7?
51
What is 1 (base 14) in base 3?
1
What is 4 (base 11) in base 10?
4
Convert -1 (base 10) to base 2.
-1
-22 (base 3) to base 16
-8
What is 2 (base 3) in base 16?
2
-27 (base 12) to base 10
-31
What is -440 (base 5) in base 13?
-93
What is -c (base 14) in base 7?
-15
What is -408 (base 9) in base 10?
-332
Convert -1 (base 12) to base 6.
-1
What is -110111 (base 2) in base 16?
-37
What is 1 (base 13) in base 8?
1
-111000 (base 2) to base 6
-132
77 (base 11) to base 16
54
0 (base 6) to base 13
0
What is -1 (base 9) in base 4?
-1
1 (base 9) to base 13
1
Convert 17 (base 9) to base 6.
24
Convert -15 (base 7) to base 6.
-20
What is -6 (base 11) in base 13?
-6
0 (base 14) to base 9
0
Convert 131 (base 13) to base 15.
de
Convert 10110 (base 3) to base 9.
113
What is 0 (base 11) in base 16?
0
What is -24 (base 8) in base 16?
-14
Convert 8 (base 10) to base 15.
8
Convert -10 (base 3) to base 5.
-3
Convert -95 (base 10) to base 6.
-235
-61 (base 11) to base 3
-2111
What is 20 (base 3) in base 4?
12
Convert -15 (base 14) to base 13.
-16
What is -b3 (base 15) in base 8?
-250
Convert -2 (base 9) to base 12.
-2
-32 (base 16) to base 8
-62
-8 (base 9) to base 16
-8
a (base 13) to base 11
a
Convert 46 (base 8) to base 13.
2c
What is 2 (base 6) in base 15?
2
What is 5 (base 12) in base 7?
5
Convert -2 (base 7) to base 5.
-2
What is 12 (base 3) in base 5?
10
What is 44 (base 10) in base 16?
2c
What is -2210 (base 3) in base 12?
-